{"id":1324,"date":"2018-09-20T09:59:39","date_gmt":"2018-09-20T07:59:39","guid":{"rendered":"http:\/\/timeless.com.pl\/?post_type=product&#038;p=1324"},"modified":"2025-02-28T21:20:19","modified_gmt":"2025-02-28T20:20:19","slug":"konsultacja-dr-janusz-jaworowski","status":"publish","type":"product","link":"https:\/\/timeless.com.pl\/sklep\/produkt\/konsultacja-dr-janusz-jaworowski\/","title":{"rendered":"Konsultacja u dr Janusza Jaworowskiego"},"content":{"rendered":"<h3>Dr Janusz Jaworowski<\/h3>\n<blockquote><p>\u2013 za\u0142o\u017cyciel i lider zespo\u0142u<br \/>\nprofesjonalist\u00f3w Timeless Chirurgia Plastyczna.<\/p><\/blockquote>\n<p><strong>Specjalista chirurgii plastycznej, og\u00f3lnej i onkologicznej z ponad dwudziestopi\u0119cioletnim do\u015bwiadczeniem klinicznym. Podejmuje si\u0119 ka\u017cdej operacji z zakresu chirurgii plastycznej, estetycznej i regeneracyjnej, onkologicznej i chirurgii rekonstrukcyjnej w naprawie zniekszta\u0142ce\u0144 po leczeniu onkologicznym.\u00a0Specjalizuje si\u0119 w najbardziej skomplikowanych operacjach rekonstrukcyjnych z zastosowaniem mikrochirurgicznych p\u0142at\u00f3w tkankowych zar\u00f3wno u doros\u0142ych, jak i u dzieci.<\/strong><\/p>\n<p><strong>Laureat nagr\u00f3d<\/strong> za osi\u0105gni\u0119cia naukowe (Luminatus 2015; Polski Wynalazek 2014 &#8211; BioImplant; z\u0142oty medal Mi\u0119dzynarodowych Targ\u00f3w Wynalazczo\u015bci oraz medal Ministerstwa Edukacji, Szkolnictwa Wy\u017cszego i Bada\u0144 Naukowych Francji Concours Lepin, 2014).<\/p>\n<p><strong>Odkrywca nowych technologii<\/strong> w chirurgii plastycznej, badacz kom\u00f3rek macierzystych, autor i pomys\u0142odawca trzech wysokobud\u017cetowych interdyscyplinarnych projekt\u00f3w naukowych finansowanych z funduszy NCBR i Unii Europejskiej. W swojej codziennej pracy wykorzystuje najnowsze osi\u0105gni\u0119cia in\u017cynierii tkankowej, biologii molekularnej i chirurgii plastycznej wspomaganej komputerowo w celu uzyskania najlepszego efektu leczenia ubytk\u00f3w r\u00f3\u017cnych okolic cia\u0142a dla uzyskania optymalnych wynik\u00f3w w leczeniu pacjent\u00f3w. Nieustannie poszukuje coraz skuteczniejszych i bezpieczniejszych rozwi\u0105za\u0144 dla swoich Pacjent\u00f3w.<\/p>\n<p><strong>Cz\u0142onek Polskiego Towarzystwa Chirurgii Plastycznej, Rekonstrukcyjnej i Estetycznej (PTChPRiE), Mi\u0119dzynarodowego Towarzystwa Chirurgii Plastycznej, Rekonstrukcyjnej i Estetycznej (IPRAS) Polskiego Towarzystwa Chirurgii Onkologicznej (PTCHO), Towarzystwa Chirurg\u00f3w Polskich(TCHP).<\/strong><\/p>\n<p><strong>Nauczyciel akademicki<\/strong> w zakresie chirurgii plastycznej w Centrum Medycznym Kszta\u0142cenia Podyplomowego w Warszawie. Wyk\u0142adowca z zakresu medycyny estetycznej Warszawskiego Uniwersytetu Medycznego.\u00a0Autor i g\u0142\u00f3wny wyk\u0142adowca nowatorskiego projektu naukowo-szkoleniowego dla lekarzy z zakresu mikrochirurgii rekonstrukcyjnej \u201ePolska Akademia Mikrochirurgii\u201d.<\/p>\n<p><strong>Uczestnik kilkudziesi\u0119ciu kurs\u00f3w i szkole\u0144 zagranicznych.<\/strong> Ponadto swoje umiej\u0119tno\u015bci przekazuje jako aktywny uczestnik i wyk\u0142adowca czo\u0142owych \u015bwiatowych kongres\u00f3w naukowych z zakresu chirurgii plastycznej (IPRAS), rekonstrukcyjnej i estetycznej, chirurgii onkologicznej (ESSO,ASCO).<\/p>\n<p><strong>Autor licznych publikacji i wyst\u0105pie\u0144 naukowych na temat chirurgii plastycznej i estetycznej.<\/strong><\/p>\n","protected":false},"excerpt":{"rendered":"<p><strong>Uwaga:<\/strong><br \/>\nzanim op\u0142acisz konsultacj\u0119 upewnij si\u0119, \u017ce masz um\u00f3wion\u0105 wizyt\u0119 w Timeless Chirurgia Plastyczna. Je\u015bli nie, uzgodnij wcze\u015bniej jej termin z recepcj\u0105 Timeless, dane kontaktowe znajdziesz na podstronie <a href=\"\/kontakt\">kontakt<\/a>.<\/p>\n","protected":false},"featured_media":3921,"template":"","meta":{"_acf_changed":false},"product_brand":[],"product_cat":[22],"product_tag":[],"class_list":{"0":"post-1324","1":"product","2":"type-product","3":"status-publish","4":"has-post-thumbnail","6":"product_cat-konsultacje","8":"first","9":"instock","10":"sale","11":"virtual","12":"sold-individually","13":"taxable","14":"purchasable","15":"product-type-simple"},"acf":[],"_links":{"self":[{"href":"https:\/\/timeless.com.pl\/sklep\/wp-json\/wp\/v2\/product\/1324","targetHints":{"allow":["GET"]}}],"collection":[{"href":"https:\/\/timeless.com.pl\/sklep\/wp-json\/wp\/v2\/product"}],"about":[{"href":"https:\/\/timeless.com.pl\/sklep\/wp-json\/wp\/v2\/types\/product"}],"wp:featuredmedia":[{"embeddable":true,"href":"https:\/\/timeless.com.pl\/sklep\/wp-json\/wp\/v2\/media\/3921"}],"wp:attachment":[{"href":"https:\/\/timeless.com.pl\/sklep\/wp-json\/wp\/v2\/media?parent=1324"}],"wp:term":[{"taxonomy":"product_brand","embeddable":true,"href":"https:\/\/timeless.com.pl\/sklep\/wp-json\/wp\/v2\/product_brand?post=1324"},{"taxonomy":"product_cat","embeddable":true,"href":"https:\/\/timeless.com.pl\/sklep\/wp-json\/wp\/v2\/product_cat?post=1324"},{"taxonomy":"product_tag","embeddable":true,"href":"https:\/\/timeless.com.pl\/sklep\/wp-json\/wp\/v2\/product_tag?post=1324"}],"curies":[{"name":"wp","href":"https:\/\/api.w.org\/{rel}","templated":true}]}}